- (2 - 3) - 0. Let w(y) = 7*y. Let j be w(h). Suppose -4*q = 3*g - 22, -4*q - 30 = -8*q + g. Calculate the highest common factor of j and q.
7
Let w be (-3)/(-12) + (-15)/(-4). Suppose -w*n + 2*n + 8 = 0. Suppose q + 2*k = -2 + 14, 2*q = n*k - 16. What is the greatest common divisor of 4 and q?
2
Let l(p) = -p**3 - p - 1. Let b be l(-1). Suppose -4*o = -2*r - 68, 2*r - 4 = -0*r. Let v = -9 + o. What is the greatest common factor of v and b?
1
Let s(i) = -2*i**3 - 4*i**2 - 3*i - 2. Let l be s(-2). Let v = l + -8. Let k be (-34)/(-8)*-1*v. What is the greatest common factor of 68 and k?
17
Let j(p) be the second derivative of 17*p**3/6 + p**2/2 - p. Let l be j(-1). Let m be 117/6*l/(-6). What is the greatest common factor of m and 13?
13
Let h = 6 - 4. Let w = 3 + h. Let c be (-2)/(-4) - (-19)/2. What is the highest common divisor of c and w?
5
Suppose 0 = 5*m - 4*k - 18, -15 = -0*m - m - 3*k. Let s = -123 - -189. Calculate the greatest common divisor of s and m.
6
Let v be (21/4)/((-2)/(-8)). Let f be 3*(0 + -1) + v. What is the greatest common factor of f and 9?
9
Suppose 5*k - 2*u = 28, -4*k - 2*u = 3*u + 4. Suppose -3*z + 7*z = k. Calculate the greatest common divisor of z and 7.
1
Suppose 0 = -2*z + 118 + 92. What is the highest common divisor of 15 and z?
15
Suppose -2*s - b + 22 = 3*b, 0 = -2*s + 4*b + 22. Calculate the highest common factor of 275 and s.
11
Suppose 33 = 3*i - 42. What is the highest common divisor of 5 and i?
5
Let s = 58 - 13. Calculate the greatest common divisor of 9 and s.
9
Suppose -13*q = -q - 1716. What is the highest common divisor of q and 11?
11
Let a(u) = -u**2 + 7*u + 10. Let d be a(7). What is the greatest common factor of d and 30?
10
Suppose w - 4*n = 5, 5*w + 3*n = -1 + 3. Let g be -4 + 22/2 - w. Suppose 4*s + 9 = 3*x + 5*s, 4*s = x + 10. What is the greatest common factor of g and x?
2
Let k(f) = 27 + 72 + f**3 - 11 - f**2 + f. Let b be k(0). Let d(q) = 4*q + 70. Let i be d(-12). Calculate the highest common divisor of b and i.
22
Suppose -3*d = -5*d + 162. What is the highest common divisor of d and 9?
9
Let l = 110 + -58. Calculate the highest common factor of 130 and l.
26
Let d = -8 - -22. What is the greatest common divisor of 70 and d?
14
Let c(p) = p**3 - 5*p**2 + 5*p + 1. Let t be c(4). Suppose -4*i - 3 = -t*i. What is the greatest common factor of 24 and i?
3
Suppose 2*h - h = 2. Let y be h - (1*-18)/1. Suppose 0 = -5*k + 180 + 20. Calculate the highest common divisor of y and k.
20
Suppose 0 = 5*o - 2*o - 60. Calculate the greatest common factor of o and 220.
20
Suppose -3*i - 324 = -6*i. What is the greatest common divisor of 12 and i?
12
Suppose -5*y + 1 - 56 = 0. Let f = 10 - y. Let g be 2*-2*(-6)/8. Calculate the greatest common divisor of f and g.
3
Suppose 4*b + 161 = 2*l + 53, 0 = -l - 5*b + 54. Calculate the highest common factor of l and 6.
6
Let z(x) = 2*x**2 - 7*x - 1. Let w be z(5). Suppose -44 = -d + 26. Calculate the greatest common divisor of d and w.
14
Let g = -271 - -381. What is the greatest common factor of g and 22?
22
Let i be (-2)/5 + 246/15. What is the greatest common factor of i and 40?
8
Suppose -7*k - y + 55 = -3*k, 0 = -4*k + 4*y + 40. Let v be 1/(6/(-9))*-26. Calculate the highest common divisor of v and k.
13
Let p = 47 - 17. What is the highest common divisor of p and 12?
6
Suppose 12 - 482 = -5*k. Suppose -k = -3*d + 5. What is the highest common factor of d and 22?
11
Let x(r) = 24*r. Let l be x(2). Let a be ((-27)/(-2))/((-3)/(-4)). Let z be ((-24)/a)/((-2)/24). What is the highest common divisor of z and l?
16
Let g(d) = 2*d**2 - 6*d + 9. Let m be g(7). What is the highest common divisor of m and 13?
13
Let t(k) = -13*k - 2. Let s be t(-3). Let a(j) = 48*j - 66. Let b be a(6). Calculate the greatest common factor of s and b.
37
Suppose 5*o - 25 = 0, 0 = -3*n - o + 77 - 3. Calculate the highest common divisor of 46 and n.
23
Let t = 49 + -36. Calculate the highest common divisor of t and 52.
13
Let i(w) = -w**3 - w - 2. Let n be i(0). Let c be (-5 - -1)*n/4. What is the highest common divisor of 18 and c?
2
Let a be 42/(-28)*4/(-3). Suppose k - 69 = -3*k - 5*i, -k + a*i = -1. Calculate the highest common factor of k and 99.
11
Suppose -2*n + 14 + 16 = 0. What is the greatest common factor of n and 10?
5
Let r be (-1)/(-3)*(230 - -7). Suppose 0 = h + 5*o - r, 2*o + 270 = 4*h + 64. What is the highest common factor of 6 and h?
6
Let m = -8 - -20. Calculate the highest common divisor of m and 36.
12
Let n(h) = h**2 + 7*h + 1. Let r be n(-8). Calculate the greatest common factor of r and 54.
9
Suppose 0 = -2*n + 2*a + 26, -3*n - 2*a + 35 = 1. What is the highest common factor of n and 2?
2
Let k = -24 + 255. What is the greatest common factor of 33 and k?
33
Let d be (-2)/12 - (-374)/12. Let x be d/2 - (-2)/4. Suppose 4*f = 2*t - x, 0 = -5*t + 2*f - f + 58. Calculate the greatest common divisor of 96 and t.
12
Let j = 6 + -1. Suppose 71 = j*b + d, -2*b + b + d = -13. What is the highest common factor of 2 and b?
2
Suppose -3*n + 4*n = 12. Let l(r) = -r**3 + 10*r**2 - 9*r + 3. Let j be l(9). What is the highest common divisor of j and n?
3
Suppose -4*a - 2*o + 562 = 0, -4*o = a - 0*o - 123. Suppose 39 = -0*r + 3*r. What is the highest common factor of r and a?
13
Let f = 179 + -62. What is the greatest common factor of 13 and f?
13
Suppose 0 = 2*o - 5*o - 15. Let g(c) = -c. Let b be g(o). Calculate the highest common divisor of 2 and b.
1
Suppose 0 = -3*n + 18. Let s be (4/n)/(4/(-12)). Let p be (s + -1)/(9/(-48)). What is the highest common factor of 128 and p?
16
Suppose 16*x = 18*x - 22. Let s = -9 + x. What is the highest common divisor of 18 and s?
2
Suppose 4*q + 164 = 3*l, 0*q + 244 = 4*l + q. What is the highest common divisor of 15 and l?
15
Let l be (21 - 3/3) + -1. Suppose 0 = 3*c + i - l, 0 = c - i - 4 - 1. What is the greatest common divisor of c and 12?
6
Suppose 76 = a - 32. Suppose 4*f - a = 2*k, 0 = f - k + 6*k - 38. Suppose -2*g + 4 = -10. Calculate the greatest common divisor of g and f.
7
Let j = -4 - -7. Let a(b) = b + 1 - b**2 + b**3 - 5*b**2 + 8 - 9*b. Let p be a(7). What is the greatest common factor of j and p?
1
Let x(w) = -2*w + 4. Let l be x(-5). Let u = 91 + 90. Let c = 335 - u. What is the highest common factor of l and c?
14
Let t be 3/(6 + -3)*-7. Let c(h) = 64*h**3 - h**2. Let n be c(1). Let u = n - t. What is the highest common divisor of 14 and u?
14
Let p be ((-48)/(-9))/((-8)/(-252)). Calculate the highest common factor of 21 and p.
21
Suppose 0 = 6*k - 3*k. Suppose 2 = -y, 2*z - 4*y + 8*y = k. Calculate the highest common divisor of 4 and z.
4
Suppose 7*v - 5*v = 10. Let k be 1/v + 238/10. Calculate the greatest common factor of 12 and k.
12
Let k be (-292)/(-18) + 4/(-18). Calculate the highest common factor of 16 and k.
16
Suppose -2*n - 7*p + 2*p = -4, p + 64 = 5*n. Let c be (-12)/(-16) + 495/n. Calculate the highest common divisor of c and 21.
21
Let m(g) = 2*g - 17. Let p be m(13). What is the greatest common divisor of p and 9?
9
Suppose 0 = 5*u + t - 273, 5*t = -3*u + 3*t + 161. Suppose 4*p - p + 15 = 3*m, -5*m + 3*p = -25. What is the greatest common divisor of m and u?
5
Suppose 4 = 4*p, -3*o = -2*p - 0*p - 19. What is the highest common factor of 56 and o?
7
Let c = 1 + 1. Let v = 4 + 1. Suppose -c*s - 2 = -f, -s - 10 = -v*f + s. What is the greatest common factor of f and 2?
2
Let r(l) = -13*l + 7. Let u be r(-5). Let o(h) = -h - 7. Let f be o(-5). Let n be (-9)/(-2*f/(-4)). Calculate the greatest common factor of u and n.
9
Let j(y) = -9*y + 29. Let n be j(3). Calculate the highest common divisor of 4 and n.
2
Let l = 663 + -474. What is the greatest common factor of l and 21?
21
Suppose -2*p = -5*f - 4, 0*f + 3 = -3*f + p. Let h = 5 - f. What is the greatest common divisor of h and 21?
7
Suppose 212 = 3*v - 5*p, -5*v + 285 = 4*p - 56. Calculate the highest common factor of 23 and v.
23
Suppose 0 = -0*t + t - 143. Let r be 9/4 + 4/(-16). Suppose -2*s - 34 = -4*s + r*v, -69 = -5*s + v. Calculate the highest common divisor of t and s.
13
Suppose -f + 3 + 8 = -4*w, -4*w + 24 = 4*f. Let x(b) = -b**3 - b**2 + b + 5. Let d be x(-4). Calculate the highest common divisor of f and d.
7
Let d(z) = 41*z**3 - z + 2. Let a 